 - b/(-60))*5. Suppose -i*l = -10 - 68. List the prime factors of l.
13
Let a be ((-45)/(-54))/(4*5/120). Suppose 3*w = a*m - 2025, 20*m - 824 = 18*m + 4*w. What are the prime factors of m?
2, 3, 67
Suppose 63 + 74 = 4*h + s, -s + 1 = 0. Suppose 0 = x - h*x + 40920. List the prime factors of x.
2, 5, 31
Let q(w) = -w**3 - 5*w**2 + 9*w + 11. Let o be q(-6). List the prime factors of o - -13 - (-487 - 0).
17, 29
Suppose x + 3*a = -13, 17 + 13 = -2*x - 2*a. Let d(h) = h**3 + 17*h**2 - 2*h + 56. List the prime factors of d(x).
2, 43
Suppose 25*t - 11*t + 106442 = 334474. What are the prime factors of t?
2, 509
Let z be (-46102)/42 + (-8)/(-12). Let o = z + 2613. What are the prime factors of o?
2, 379
Let p = 189 - 193. What are the prime factors of 305 - (-3 + 0 - p)*1?
2, 19
Let h be 2/(-1) + 4 + 20. Let t(g) be the first derivative of g**3/3 - 21*g**2/2 - 19*g - 18. List the prime factors of t(h).
3
Let w(q) = -18*q**3 + 7*q**2 + 30*q + 20. Let x(f) = 6*f**3 - 3*f**2 - 10*f - 7. Let j(z) = -4*w(z) - 11*x(z). List the prime factors of j(5).
2, 3, 137
Let j = 51128 + -19512. List the prime factors of j.
2, 13, 19
Suppose -353*i + 363*i = 28020. What are the prime factors of i?
2, 3, 467
Suppose 77*w - 86481 = 467226. What are the prime factors of w?
3, 17, 47
Let t be (-4 - 1)/(85/(-34)). Let x be (1/t)/((-42)/(-168)). Suppose 169 - 33 = x*b. What are the prime factors of b?
2, 17
Let p(j) = j**2 + 8*j + 6. Let n be p(-4). Let t be 5/(n/(-64)) + -4. Let i = 81 - t. List the prime factors of i.
53
Suppose -r - 369270 = -6*r - 25*r. List the prime factors of r.
3, 11, 373
Let f(r) = -3026*r**3 + r**2 + 614*r + 1229. What are the prime factors of f(-2)?
3, 7, 1153
Let w(i) = 71*i**2 - 5*i - 60. Let u(s) = 35*s**2 - 3*s - 29. Let z(b) = 9*u(b) - 4*w(b). What are the prime factors of z(-4)?
503
Suppose -2*i = 1 - 5. Let r be (-24)/(-4)*i/4. List the prime factors of 5/((-5)/r)*-33.
3, 11
Let p(t) = 2*t + 7. Let u be p(-5). Let m be u/21 - 1/(-7). Suppose 4*a + m*a - 308 = 0. List the prime factors of a.
7, 11
Let v(n) = 12*n - 286. Let x be v(24). Suppose -k - 2*l + 275 = 0, -x*k + 0*k + 564 = -3*l. What are the prime factors of k?
3, 31
Suppose 364 = -b + 29*b. Suppose 4*a - 1377 = -b*a. What are the prime factors of a?
3
Let f = 33131 - 14279. List the prime factors of f.
2, 3, 1571
Let y(k) = 259*k - 165. Suppose -3*s + 285 = 270. What are the prime factors of y(s)?
2, 5, 113
Let j(n) = -n**3 - 5*n**2 + 4*n - 3. Suppose -2*b = 7 - 11. Suppose -11 = w - 5*h, 5*w + 49 = b*h + 17. What are the prime factors of j(w)?
3
Let a = 33353 - 8140. What are the prime factors of a?
19, 1327
Let i = -73 + 86. Suppose i = v - 0*v. What are the prime factors of v?
13
Suppose 4*q + 788 = 88. Let j = 292 + q. List the prime factors of j.
3, 13
Let c(r) = 214*r + 5. Let j be c(-3). Let t = -504 - j. List the prime factors of t.
7, 19
Let p(b) = -17*b - 27. Let m be p(-5). Suppose -l + 47 = w - m, 2*w - 4*l = 216. What are the prime factors of w?
2, 53
Let c(z) be the first derivative of -5*z**2 - 21*z + 2. Suppose 18 + 150 = -8*l. What are the prime factors of c(l)?
3, 7
Let x = 15736 + -8236. List the prime factors of x.
2, 3, 5
Let u = 373 - 169. Suppose 4*z + u = -v + 5*v, v - 247 = 5*z. Let n = z - -106. What are the prime factors of n?
3, 19
Let x be 2/((-14)/(-4)*2/14). Suppose x*y - 25 = -a + 3, -2*a = y - 21. Suppose 3*l = a*l - 520. What are the prime factors of l?
2, 13
Let k(t) = -5*t - 14. Let q(y) = -4*y - 13. Let m(a) = -2*k(a) + 3*q(a). Let x be m(-5). What are the prime factors of x + 3 + 204/4?
53
Let n(k) be the second derivative of -52*k**5 + 7*k**4/12 + 3*k**3/2 + 3*k**2/2 + k - 8. What are the prime factors of n(-1)?
3, 347
Suppose 5*v + 63 = 3*c, -c - v = -4*c + 51. Let l = 154 + c. List the prime factors of l.
2, 5, 17
Suppose 2*p + 29 = 2*r - 3*p, -2*p - 10 = 0. Let h be (-34)/(-6) - 1/(-3). What are the prime factors of 448/h + r/(-3)?
2, 37
Suppose 0 = 5*a - 2 - 53. Suppose -156 + 210 = 6*j. Suppose j*l + 136 = a*l. What are the prime factors of l?
2, 17
Suppose -2*i = -2*y, 3*i + 4 = -3*y + 8*y. Suppose 0 = -4*p - f + 263, -4*p = -i*f - f - 251. Let q = p + -3. List the prime factors of q.
2, 31
Let n(s) = s**2 + 12*s - 13. Let x be n(5). Suppose 0 = 20*t + x - 11392. List the prime factors of t.
2, 283
Suppose r = 4*r + 24. Let p = 254 - 244. Let y = p + r. List the prime factors of y.
2
Suppose -b - 8 = -5, 4534 = 5*v - 3*b. Let d = v + -226. What are the prime factors of d?
7, 97
Suppose -3*j - 5*m = -12304, -j - m + 1578 = -2524. What are the prime factors of j?
11, 373
List the prime factors of (-3901149)/(-81) - (-16)/6.
3, 5, 13, 19
Let l be (9/12)/((-4)/(-16)). Suppose -4*b = c - 232, -2*b - b = -l*c + 651. What are the prime factors of c?
2, 5, 11
Suppose 4*u - s - 26714 = 0, 39*u - s + 6681 = 40*u. What are the prime factors of u?
6679
List the prime factors of (9248/(-5))/((-25)/125) - 10.
2, 31, 149
Suppose 6*t + 67 = -17. Let f be 4/(2 + 32/t). List the prime factors of ((-22)/(-3))/(f/(-21)).
11
Suppose 69 = -22*w + 245. Let a(o) = o**3 + 3*o**2 + 9*o - 37. What are the prime factors of a(w)?
739
Let t be 1 + 290 + (-2 - -1). Let k be 6 - 9 - 6 - -25. Suppose t = k*s - 11*s. What are the prime factors of s?
2, 29
Suppose -88 = -4*j + 16. List the prime factors of 1564/j - ((-45)/(-39) - 1).
2, 3, 5
Let w(y) = 78*y - y - 197 - 57*y + 82*y. List the prime factors of w(10).
823
Suppose -238*r = -349*r + 1591962. What are the prime factors of r?
2, 71, 101
Suppose 3*b - 5*k - 1 = -11, -k - 10 = -3*b. Let m = 7 + 0. What are the prime factors of b/(5 - (m + -3))?
5
Suppose -5*r = -3*t + 72837, 3*t - 97116 = -t + 2*r. What are the prime factors of t?
3, 8093
Let n(c) = 22205*c + 690. What are the prime factors of n(1)?
5, 19, 241
Let i(g) = -225*g + 1307. List the prime factors of i(-8).
13, 239
Suppose -n + 931 = 4*y + 4*n, 4*y = -4*n + 932. Let k = 876 - y. What are the prime factors of k?
2, 3, 107
Let d = -16 + 15. Let o be (7 + -6)*(-2)/d + 13. Suppose 11*j = o*j - 500. List the prime factors of j.
5
Let l(o) = o**2 + 38*o - 28. Let c be l(-38). What are the prime factors of (-3)/12 - 17227/c?
3, 5, 41
List the prime factors of (-1)/(4/(-18) - (-1837215)/8272935).
11, 619
Suppose -13528 = -3*r - 4*j, -479*r - 18007 = -483*r - j. What are the prime factors of r?
2, 3, 5
Suppose 0 = 54*d - 6*d - 61056. List the prime factors of d.
2, 3, 53
Let l(h) = -568*h + 2534. What are the prime factors of l(-43)?
2, 3, 4493
List the prime factors of ((-1400517)/45)/((-4)/16 + (-14)/40).
51871
List the prime factors of ((6 - 8) + 28)*(-654)/(-4) + 3.
2, 3, 709
Let s be (7 - 4 - 1)*2. Suppose -2*q + 4*c = 2*q - 1068, -2*q + s*c = -542. Let j = -173 + q. List the prime factors of j.
2, 3, 5
Suppose 9*i - 88 = i. Suppose 0 = 3*q - 9*u + i*u - 1522, -2*u = -2*q + 1018. What are the prime factors of q?
2, 127
What are the prime factors of (-56475)/(-14) + 83/1162?
2, 2017
Let s be 3/(-2)*(-56)/(-84). What are the prime factors of (5 - 8)/(s*6/124)?
2, 31
Suppose -5*p = -14*z + 11*z + 13786, 0 = 4*z - 3*p - 18396. What are the prime factors of z?
2, 3, 13, 59
Let u = 22616 - 11661. List the prime factors of u.
5, 7, 313
Let n be 13458/5 - 3/5. What are the prime factors of 0 + (-2 - n/(-3))?
5, 179
Let b(c) be the third derivative of 193*c**5/60 + c**4/24 - c**3/6 + c**2. Let j be (-3)/2*(-13)/(130/(-20)) - -4. What are the prime factors of b(j)?
193
Suppose -5*v - 3*l + 173884 = 0, 5 - 37 = -4*l. What are the prime factors of v?
2, 8693
Let l(m) = -m**3 - 28 - 7*m + 0*m**3 + 5*m**2 + 2*m**3 + 15. What are the prime factors of l(7)?
2, 263
Let j = 164 - 3263. Let d = 4716 + j. List the prime factors of d.
3, 7, 11
Let u = 24292 - 9315. List the prime factors of u.
17, 881
Suppose 12 - 4 = 2*j. Suppose -j*g + 2*i = -2*g - 388, 5*g - i = 958. List the prime factors of g.
191
Suppose 4*y - 148241 = -3*i, -1344*i = y - 1340*i - 37083. List the prime factors of y.
5, 7411
Suppose 0 = -17*c + 7*c + 1040. Suppose c = -6*j + 1298. List the prime factors of j.
199
Suppose -6*f + 7*f - 2858 = 5*c, -2*f + 5*c + 5731 = 0. Suppose -16*l - l + f = 0. List the prime factors of l.
13
Let m(f) = -f**2 + 8*f + 4. Let t be m(0). Suppose 0 = 2*y + c - 460 + 73, 